 + g. What is the units digit of t(0)?
9
Let r be 4/(-18) - (-13256)/36. What is the tens digit of r/14 + 4/(-14)?
2
What is the hundreds digit of 3020/14 - ((-12)/7)/6?
2
Suppose -22 + 4 = -2*s. Suppose -3 - 3 = -3*b, -s = -n + b. What is the units digit of (n/2)/(7/14)?
1
Let r = -111 - -200. What is the units digit of r?
9
Let m(h) = h**3 + 6*h**2 - 8*h + 8. What is the tens digit of m(-7)?
1
Suppose 0 = 4*s - 3*i + 2 - 9, -2*s - i = -1. Let c(x) = -s + 5*x + x**2 - 3 + 3. What is the units digit of c(-6)?
5
Let c(t) = -t**2 - 10*t + 4. Suppose 66 = -5*y + 16. Let i be c(y). Suppose 0 = -b - 2 + i. What is the units digit of b?
2
What is the units digit of 1*(-4)/(-4 + 0)*105?
5
What is the units digit of 558/15 + (-2)/10?
7
Suppose 6 = 3*r - 6. Let a(v) = v**2 - 4*v + 5. Let p be a(r). Suppose s = 2, 3*u = 5*u - p*s - 8. What is the units digit of u?
9
Suppose 0*y - y - 25 = -4*r, 5*r = -3*y + 44. What is the units digit of r?
7
Let w(a) = a + a + a + 2*a**2. What is the units digit of w(-2)?
2
Let y = -158 + 300. Suppose -15 = -m + b + 32, -3*m + 2*b = -y. Suppose -3*r = 2*o - o - m, 0 = -5*r - 5*o + 90. What is the units digit of r?
5
Let f(w) = -w**2 + 8*w - 3. Let q = -4 - -18. Let a = -7 + q. What is the units digit of f(a)?
4
Let k(m) = 4*m**3 + 13*m**2 + 2*m + 7. Let n(l) = -l**3 - l**2 + l + 1. Let r(d) = -k(d) - 5*n(d). What is the units digit of r(9)?
6
Suppose 0*d + 3*l - 41 = -2*d, 42 = 3*d - 2*l. Suppose -3*x + d = -4*s, -6*s + 3 = -s + 2*x. What is the units digit of -13*(-3 + s + 3)?
3
Let y = 5 - 0. Let z(r) = 2*r**3 - 2*r**2 - 3*r + 3. Let m be z(3). Suppose -5*j - y*h = -m, -2*j - 7*h + 24 = -2*h. What is the units digit of j?
2
Let v be -8 + (-8)/(-2) + -3. Let d = 14 - v. What is the units digit of d?
1
Let h = 5 + -5. Suppose h = -2*k - 0 + 2. What is the units digit of k?
1
Let z = 13 - -78. What is the tens digit of z?
9
Let t = 8 + -6. What is the units digit of t?
2
What is the units digit of (4/(-3))/((-2)/36)?
4
Let s be (-3)/((-9)/(-12)) + 6. Suppose 64 = -0*o + s*o. What is the tens digit of o?
3
Let f(d) = -2*d**3 - 7*d**2 - 3*d - 11. What is the units digit of f(-7)?
3
What is the hundreds digit of 2/(3 - (-3005)/(-1005))?
2
Suppose 0 = -3*k - 2*k + h, 0 = -3*k + 3*h - 12. Let c(g) = -3*g - 1 + k. What is the units digit of c(-2)?
6
Suppose -3*a - 2*x = -8*a - 12, 1 = -3*a - 5*x. Let m = 21 + -2. What is the units digit of m/3 - a/3?
7
Let i(s) = s**3 - 10*s**2 + 12*s + 2. What is the tens digit of i(9)?
2
What is the tens digit of (102/9 - -3)*3?
4
Let d(c) = -c**2 + c. Suppose 5*f + 5*n + 0*n = 0, n + 4 = f. Let y be d(f). What is the units digit of (-12)/y*-1*-1?
6
Let j(s) = s**2 + 1. Let n be j(2). Suppose -n*z + t = -18, -5*t + 18 = -0*z + 2*z. Suppose -5*o + 39 - 9 = 5*a, 2*a - 22 = -z*o. What is the units digit of o?
5
Let m(v) = 33*v - 32. What is the units digit of m(5)?
3
Let d = 9 + -5. Suppose 5*o - 7 = d*i, 0*i - 4*o + 20 = 4*i. Suppose 0 = l - 4*c - 21, 4*l - 56 = -0*l + i*c. What is the units digit of l?
3
Let a(l) = 4*l - 9. Let z(m) = -m + 6. Let s be z(0). What is the tens digit of a(s)?
1
Let k(u) = -3*u**3 - u**2 - 2*u - 1. Let h be k(-1). Let l(m) = -3*m - h - m - m**2 - m. What is the units digit of l(-3)?
3
Let z = -4 + 6. What is the units digit of (-6)/z*11/(-3)?
1
Let f(g) = g**3 - 3*g**2 + 1. Let a(q) = q**3 - 9*q**2 + 8*q + 11. Let w be a(8). Suppose -4*r = -w - 1. What is the units digit of f(r)?
1
Let w = 306 + -161. What is the tens digit of w?
4
Suppose 11 = 2*t - 4*d + 1, -2*t + 3*d = -7. What is the units digit of 2 + 2/t + 5?
5
Suppose 0*k = 4*k + 188. Let l = 67 + k. What is the tens digit of l?
2
Let m(j) be the third derivative of j**4/24 + 5*j**3/6 + 3*j**2. Let v be m(-7). What is the units digit of 3/4*-6*v?
9
Suppose -3*t = -4*t + 4*m - 2, 2*m = 4*t - 6. Suppose -3*a - 4 = -3*j + 5, 2*a + 2*j = -6. Let k = t - a. What is the units digit of k?
5
Let b = -16 - -7. Let r be b/(-4) + 1/(-4). Let m = r - -1. What is the units digit of m?
3
Suppose v + 8*p + 17 = 5*p, -4*v + p = 68. Let n = v + 55. Suppose 4*b + 26 = q, b + n = 3*q - b. What is the units digit of q?
0
Let r be 238/(-8) - (-9)/12. Let y = r - -54. What is the tens digit of y?
2
Let a = -8 - -23. Suppose 35 = 5*t - a. What is the units digit of t?
0
Let y be 2/5 - (-36)/(-15). Let k = 3 + y. What is the units digit of k?
1
Suppose 4*r = 3*a + 16 + 31, -2*a - 2 = 0. Let l = 1 + r. What is the tens digit of l?
1
Suppose g + 31 = 4*s, 2*g + 0 = -6. Let j(c) = c**2 - 7*c + 7. What is the units digit of j(s)?
7
Let r(b) = -8*b. Let n be r(-1). Suppose 0 = 4*o - 84 + n. What is the units digit of o?
9
Suppose 4*s - 35 = -s. What is the units digit of s?
7
Suppose -4*h = 3*z - 14 - 9, -1 = h + 3*z. Let s(o) = o**2 - 5*o + 5. What is the units digit of s(h)?
9
Suppose 7*r - 6 = 4*r. Suppose r*l = -0*l + 10. What is the units digit of l?
5
Let i(s) = 4*s + 8. Suppose 3*l = 6*l + 27. Let d be i(l). What is the units digit of (d/6)/(2/(-3))?
7
Suppose 2*h - 4*h = 20. Let t be (h/(-2))/(1/(-1)). What is the units digit of (-10)/4*8/t?
4
Suppose 0 = 4*t - 3*t - 2. Suppose 4*j + j - 35 = 4*a, -45 = -5*j + t*a. What is the tens digit of j?
1
Let o = -6 + 24. Suppose 5*j + o - 63 = 0. What is the units digit of j?
9
Suppose -3*h = -9*h + 30. Suppose -g + 4*u + 13 = 0, -3*g + g + 5*u + 23 = 0. Let p = h + g. What is the tens digit of p?
1
What is the tens digit of ((-16)/(-32))/((-2)/(-368))?
9
Suppose -3*b + 2 + 1 = 0, -4*g - 3*b = -267. Suppose 5*z = 64 + g. What is the units digit of z?
6
Let z(q) = 4*q + 3. Suppose -4*k + 6 = -6. Let f be z(k). Suppose -6 = 2*i - i - 3*t, 0 = i + 4*t - f. What is the units digit of i?
3
Let w = 25 - -54. What is the tens digit of w?
7
Let i(j) = 4*j. Let a(c) = 3*c. Let x(s) = 5*a(s) - 4*i(s). Let q be x(-2). Suppose -b + 25 = -q*n - n, 0 = -5*n - 20. What is the tens digit of b?
1
Let y(u) = u - 2. Let m be y(4). Suppose -3 = -m*s + 4*f - 27, 15 = 5*s + 5*f. What is the units digit of (s/(-4))/((-2)/(-20))?
5
Let h be 24/(-20)*(-5)/2. Suppose -m + h*a + 1 = -a, -4*m = -2*a - 4. What is the units digit of m?
1
Suppose 0 = 9*x - 12*x + 111. What is the units digit of x?
7
Suppose 0 = -4*x + 1 + 15. Suppose 0 = -x*m + 3 + 13. Suppose -3*j - 25 = -m*u, -u + 26 = 4*u - 2*j. What is the units digit of u?
4
Let c = 4 - 9. Let b be (-3 - (c - -3)) + 7. Suppose -6 = -b*h + 3*h. What is the units digit of h?
2
Suppose -12 = -5*b - 7. Suppose -b = -o, 0*a + 95 = 2*a + o. What is the units digit of a?
7
Let u = -15 + 68. Suppose 2*r = -9 + u. What is the tens digit of r?
2
Let k = 105 - 74. What is the units digit of k?
1
Suppose -6 = -2*y - y. Suppose 0 = -y*c - 2*c. What is the units digit of 1 + c + 0 + 5?
6
Let u(c) = c**3 + 11*c**2 + 11. Let b be u(-11). Let j = -1 + b. What is the tens digit of j?
1
Suppose l - 5*v + 30 = 0, 8 + 2 = 3*l + 5*v. Let u = l - -18. What is the units digit of u?
3
Suppose 4*g - 3*a - 8 = 0, -3 + 35 = 4*g + 3*a. What is the units digit of g?
5
Let u(d) = d**2 - 18. What is the units digit of u(9)?
3
Let g = 164 - 284. Let i = g + 170. What is the units digit of i?
0
Let z(s) = 0 - s**2 - 1 - 2 + 6*s - 1. Let q be z(4). Suppose -q*c + 7*c - 6 = 0. What is the units digit of c?
2
What is the tens digit of ((-24)/10)/(3/(-15))?
1
Let z(l) be the third derivative of l**5/15 - l**3/6 - 2*l**2. What is the units digit of z(-1)?
3
Let a(n) = 3*n**2 - 2. Let v be a(2). What is the units digit of ((-4)/20)/((-2)/v)?
1
Let n(b) = -5*b - 11. What is the units digit of n(-8)?
9
Let y(g) = g**3 - 2*g**2 + 2*g + 2. Let t(x) = 3*x**2 + x. Let l be t(-1). Let u be y(l). What is the tens digit of (1 + -12)*(u + -7)?
1
What is the tens digit of (2 - 0)*21/2?
2
Let h(i) = 2*i + 2. Let j be h(2). What is the units digit of j*5/((-10)/(-3))?
9
Let m be 0 + (0 - 0) - 1. What is the tens digit of (0/(-3) + -14)*m?
1
Suppose 0 = -17*s + 20*s - 243. What is the units digit of s?
1
Let b(f) = f**3 + 9*f**2 + 6. Let m be b(-9). Let i = 1 + m. What is the units digit of i?
7
Let l = 468 + -285. What is the units digit of l?
3
Let c(s) = 2*s**2 + 4*s + 3. Let n = -8 + 6. What is the units digit of c(n)?
3
Suppose -2*t + 280 = 4*y, 3*t - 4*y = -t + 500. Suppose 2*g - 4*r = 5*g - 105, -t = -